{"id":193,"date":"2021-03-14T13:21:41","date_gmt":"2021-03-14T13:21:41","guid":{"rendered":"http:\/\/www.eripgip.be\/NewWeb21\/?page_id=193"},"modified":"2021-04-14T09:05:07","modified_gmt":"2021-04-14T09:05:07","slug":"organisation-du-batiment","status":"publish","type":"page","link":"https:\/\/www.eripgip.be\/NewWeb21\/?page_id=193","title":{"rendered":"Organisation du b\u00e2timent"},"content":{"rendered":"\t\t<div data-elementor-type=\"wp-page\" data-elementor-id=\"193\" class=\"elementor elementor-193\" data-elementor-settings=\"[]\">\n\t\t\t\t\t\t\t<div class=\"elementor-section-wrap\">\n\t\t\t\t\t\t\t<section class=\"elementor-section elementor-top-section elementor-element elementor-element-d5bbb6b elementor-section-boxed elementor-section-height-default elementor-section-height-default\" data-id=\"d5bbb6b\" data-element_type=\"section\">\n\t\t\t\t\t\t<div class=\"elementor-container elementor-column-gap-default\">\n\t\t\t\t\t<div class=\"elementor-column elementor-col-100 elementor-top-column elementor-element elementor-element-d0e1413\" data-id=\"d0e1413\" data-element_type=\"column\">\n\t\t\t<div class=\"elementor-widget-wrap elementor-element-populated\">\n\t\t\t\t\t\t\t\t<div class=\"elementor-element elementor-element-d4a195a elementor-widget elementor-widget-text-editor\" data-id=\"d4a195a\" data-element_type=\"widget\" data-widget_type=\"text-editor.default\">\n\t\t\t\t<div class=\"elementor-widget-container\">\n\t\t\t\t\t\t\t\t<p>Le b\u00e2timent est organis\u00e9 par niveau selon les affectations suivantes :<\/p><p><img decoding=\"async\" class=\"aligncenter\" src=\"http:\/\/www.eripgip.be\/NewWeb21\/wp-content\/uploads\/2021\/03\/Screenshot-2021-03-07-at-15.13.27.png\" \/><\/p><p>L&#8217;utilisation des ascenseurs est exclusivement r\u00e9serv\u00e9e au personnel administratif et aux formateurs, <strong>les \u00e9tudiants ne sont pas autoris\u00e9s \u00e0 utiliser l&#8217;ascenseur<\/strong>.<\/p><p>L&#8217;acc\u00e8s aux niveaux 6, 5 et -1 est interdit, sauf si vous \u00eates accompagn\u00e9 d&#8217;un membre du personnel autoris\u00e9.<\/p><p>L&#8217;espace pointeuse se situe \u00e0 proximit\u00e9 du desk acceuil.<\/p><p>Des poubelles de tris s\u00e9lectifs sont \u00e0 votre disposition \u00e0 chaque \u00e9tage : PMC (bleu), d\u00e9chets r\u00e9siduels (gris), papier\/carton (jaune) et d\u00e9chets organiques (orange). Des contenants en verre peuvent \u00eatre d\u00e9pos\u00e9s sur un rack mis \u00e0 votre disposition dans le r\u00e9fectoire.<\/p><p>Vous trouverez des fontaines \u00e0 eau dans les kitchenettes de chaque \u00e9tage, dans le r\u00e9fectoire et dans le Dojo.<\/p><p>Fumer n&#8217;est autoris\u00e9 qu&#8217;\u00e0 l&#8217;ext\u00e9rieur, <strong>\u00e0 l&#8217;arri\u00e8re du b\u00e2timent<\/strong>, pr\u00e8s du terrain d&#8217;exercice.<\/p>\t\t\t\t\t\t<\/div>\n\t\t\t\t<\/div>\n\t\t\t\t\t<\/div>\n\t\t<\/div>\n\t\t\t\t\t\t\t<\/div>\n\t\t<\/section>\n\t\t\t\t\t\t<\/div>\n\t\t\t\t\t<\/div>\n\t\t","protected":false},"excerpt":{"rendered":"<p>Le b\u00e2timent est organis\u00e9 par niveau selon les affectations suivantes : L&#8217;utilisation des ascenseurs est exclusivement r\u00e9serv\u00e9e au personnel administratif et aux formateurs, les \u00e9tudiants ne sont pas autoris\u00e9s \u00e0 utiliser l&#8217;ascenseur. L&#8217;acc\u00e8s aux niveaux 6, 5 et -1 est&#8230; <a href=\"https:\/\/www.eripgip.be\/NewWeb21\/?page_id=193\" class=\"readmore\">Read more<span class=\"screen-reader-text\">Organisation du b\u00e2timent<\/span><span class=\"fa fa-angle-double-right\" aria-hidden=\"true\"><\/span><\/a><\/p>\n","protected":false},"author":1,"featured_media":0,"parent":0,"menu_order":0,"comment_status":"closed","ping_status":"closed","template":"","meta":{"footnotes":""},"class_list":["post-193","page","type-page","status-publish","hentry"],"_links":{"self":[{"href":"https:\/\/www.eripgip.be\/NewWeb21\/index.php?rest_route=\/wp\/v2\/pages\/193","targetHints":{"allow":["GET"]}}],"collection":[{"href":"https:\/\/www.eripgip.be\/NewWeb21\/index.php?rest_route=\/wp\/v2\/pages"}],"about":[{"href":"https:\/\/www.eripgip.be\/NewWeb21\/index.php?rest_route=\/wp\/v2\/types\/page"}],"author":[{"embeddable":true,"href":"https:\/\/www.eripgip.be\/NewWeb21\/index.php?rest_route=\/wp\/v2\/users\/1"}],"replies":[{"embeddable":true,"href":"https:\/\/www.eripgip.be\/NewWeb21\/index.php?rest_route=%2Fwp%2Fv2%2Fcomments&post=193"}],"version-history":[{"count":5,"href":"https:\/\/www.eripgip.be\/NewWeb21\/index.php?rest_route=\/wp\/v2\/pages\/193\/revisions"}],"predecessor-version":[{"id":595,"href":"https:\/\/www.eripgip.be\/NewWeb21\/index.php?rest_route=\/wp\/v2\/pages\/193\/revisions\/595"}],"wp:attachment":[{"href":"https:\/\/www.eripgip.be\/NewWeb21\/index.php?rest_route=%2Fwp%2Fv2%2Fmedia&parent=193"}],"curies":[{"name":"wp","href":"https:\/\/api.w.org\/{rel}","templated":true}]}}