{"id":163,"date":"2021-03-14T13:01:58","date_gmt":"2021-03-14T13:01:58","guid":{"rendered":"http:\/\/www.eripgip.be\/NewWeb21\/?page_id=163"},"modified":"2023-02-06T11:42:23","modified_gmt":"2023-02-06T11:42:23","slug":"fonctionnelles-et-continuees","status":"publish","type":"page","link":"https:\/\/www.eripgip.be\/NewWeb21\/?page_id=163","title":{"rendered":"Formations fonctionnelles &#038; continu\u00e9es"},"content":{"rendered":"\t\t<div data-elementor-type=\"wp-page\" data-elementor-id=\"163\" class=\"elementor elementor-163\" data-elementor-settings=\"[]\">\n\t\t\t\t\t\t\t<div class=\"elementor-section-wrap\">\n\t\t\t\t\t\t\t<section class=\"elementor-section elementor-top-section elementor-element elementor-element-7fbb3689 elementor-section-boxed elementor-section-height-default elementor-section-height-default\" data-id=\"7fbb3689\" data-element_type=\"section\">\n\t\t\t\t\t\t<div class=\"elementor-container elementor-column-gap-default\">\n\t\t\t\t\t<div class=\"elementor-column elementor-col-100 elementor-top-column elementor-element elementor-element-a70dec1\" data-id=\"a70dec1\" data-element_type=\"column\">\n\t\t\t<div class=\"elementor-widget-wrap elementor-element-populated\">\n\t\t\t\t\t\t\t\t<div class=\"elementor-element elementor-element-165d77ca elementor-widget elementor-widget-text-editor\" data-id=\"165d77ca\" data-element_type=\"widget\" data-widget_type=\"text-editor.default\">\n\t\t\t\t<div class=\"elementor-widget-container\">\n\t\t\t\t\t\t\t\t<p>Toutes nos formations sont consid\u00e9r\u00e9es comme bar\u00e9miques et sont organis\u00e9es avec une priorit\u00e9 pour les personnes employ\u00e9es dans une des zones de police bruxelloises.<\/p><p>Un aper\u00e7u des formations pr\u00e9vues est disponible <a href=\"https:\/\/bpolb.sharepoint.com\/sites\/ERIP-GIP\/SitePages\/fr\/Startpagina.aspx\" target=\"_blank\" rel=\"noopener\"><span style=\"text-decoration: underline;\"><strong>IC<\/strong><\/span><span style=\"text-decoration: underline;\"><strong>I<\/strong><\/span><\/a>.<\/p><p><strong>ATTENTION :<\/strong> l&#8217;acc\u00e8s \u00e0 cette partie n&#8217;est possible que pour les personnes employ\u00e9es par la police int\u00e9gr\u00e9e (GPI) !<\/p>\t\t\t\t\t\t<\/div>\n\t\t\t\t<\/div>\n\t\t\t\t\t<\/div>\n\t\t<\/div>\n\t\t\t\t\t\t\t<\/div>\n\t\t<\/section>\n\t\t\t\t\t\t<\/div>\n\t\t\t\t\t<\/div>\n\t\t","protected":false},"excerpt":{"rendered":"<p>Toutes nos formations sont consid\u00e9r\u00e9es comme bar\u00e9miques et sont organis\u00e9es avec une priorit\u00e9 pour les personnes employ\u00e9es dans une des zones de police bruxelloises. Un aper\u00e7u des formations pr\u00e9vues est disponible ICI. ATTENTION : l&#8217;acc\u00e8s \u00e0 cette partie n&#8217;est possible&#8230; <a href=\"https:\/\/www.eripgip.be\/NewWeb21\/?page_id=163\" class=\"readmore\">Read more<span class=\"screen-reader-text\">Formations fonctionnelles &#038; continu\u00e9es<\/span><span class=\"fa fa-angle-double-right\" aria-hidden=\"true\"><\/span><\/a><\/p>\n","protected":false},"author":1,"featured_media":0,"parent":0,"menu_order":0,"comment_status":"closed","ping_status":"closed","template":"","meta":{"footnotes":""},"class_list":["post-163","page","type-page","status-publish","hentry"],"_links":{"self":[{"href":"https:\/\/www.eripgip.be\/NewWeb21\/index.php?rest_route=\/wp\/v2\/pages\/163","targetHints":{"allow":["GET"]}}],"collection":[{"href":"https:\/\/www.eripgip.be\/NewWeb21\/index.php?rest_route=\/wp\/v2\/pages"}],"about":[{"href":"https:\/\/www.eripgip.be\/NewWeb21\/index.php?rest_route=\/wp\/v2\/types\/page"}],"author":[{"embeddable":true,"href":"https:\/\/www.eripgip.be\/NewWeb21\/index.php?rest_route=\/wp\/v2\/users\/1"}],"replies":[{"embeddable":true,"href":"https:\/\/www.eripgip.be\/NewWeb21\/index.php?rest_route=%2Fwp%2Fv2%2Fcomments&post=163"}],"version-history":[{"count":17,"href":"https:\/\/www.eripgip.be\/NewWeb21\/index.php?rest_route=\/wp\/v2\/pages\/163\/revisions"}],"predecessor-version":[{"id":3491,"href":"https:\/\/www.eripgip.be\/NewWeb21\/index.php?rest_route=\/wp\/v2\/pages\/163\/revisions\/3491"}],"wp:attachment":[{"href":"https:\/\/www.eripgip.be\/NewWeb21\/index.php?rest_route=%2Fwp%2Fv2%2Fmedia&parent=163"}],"curies":[{"name":"wp","href":"https:\/\/api.w.org\/{rel}","templated":true}]}}