{"id":152,"date":"2021-03-14T12:57:54","date_gmt":"2021-03-14T12:57:54","guid":{"rendered":"http:\/\/www.eripgip.be\/NewWeb21\/?page_id=152"},"modified":"2021-04-23T15:00:50","modified_gmt":"2021-04-23T15:00:50","slug":"conditions-dadmission","status":"publish","type":"page","link":"https:\/\/www.eripgip.be\/NewWeb21\/?page_id=152","title":{"rendered":"Conditions d&#8217;admission"},"content":{"rendered":"\t\t<div data-elementor-type=\"wp-page\" data-elementor-id=\"152\" class=\"elementor elementor-152\" data-elementor-settings=\"[]\">\n\t\t\t\t\t\t\t<div class=\"elementor-section-wrap\">\n\t\t\t\t\t\t\t<section class=\"elementor-section elementor-top-section elementor-element elementor-element-369ecb08 elementor-section-boxed elementor-section-height-default elementor-section-height-default\" data-id=\"369ecb08\" data-element_type=\"section\">\n\t\t\t\t\t\t<div class=\"elementor-container elementor-column-gap-default\">\n\t\t\t\t\t<div class=\"elementor-column elementor-col-100 elementor-top-column elementor-element elementor-element-2ea5a1df\" data-id=\"2ea5a1df\" data-element_type=\"column\">\n\t\t\t<div class=\"elementor-widget-wrap elementor-element-populated\">\n\t\t\t\t\t\t\t\t<div class=\"elementor-element elementor-element-21949fc9 elementor-widget elementor-widget-text-editor\" data-id=\"21949fc9\" data-element_type=\"widget\" data-widget_type=\"text-editor.default\">\n\t\t\t\t<div class=\"elementor-widget-container\">\n\t\t\t\t\t\t\t\t<p><strong>Vous n&#8217;\u00eates pas encore membre du personnel de la police et vous souhaitez suivre la formation d&#8217;agent ou d&#8217;inspecteur de police<\/strong><\/p><p>Pour \u00eatre admis \u00e0 la formation de base d&#8217;agent de police, il faut avoir r\u00e9ussi les \u00e9preuves de s\u00e9lection et \u00eatre engag\u00e9 par une zone de police.<\/p><p>Pour \u00eatre admis \u00e0 la formation de base d&#8217;inspecteur de police, il faut avoir r\u00e9ussi les \u00e9preuves de s\u00e9lection et \u00eatre convoqu\u00e9 pour d\u00e9buter la formation.<\/p><p>Pour tout savoir au sujet des conditions d&#8217;admission et des \u00e9preuves de s\u00e9lection, vous pouvez consulter le site de la <strong><a href=\"https:\/\/www.jobpol.be\/fr\" target=\"_blank\" rel=\"noopener\">Direction du Recrutement et de la S\u00e9lection<\/a>.<\/strong><\/p><p><strong>Vous \u00eates membre du cadre op\u00e9rationnel de la police int\u00e9gr\u00e9e avec le grade d&#8217;agent ou d&#8217;inspecteur de police et vous souhaitez suivre la formation d&#8217;inspecteur ou d&#8217;inspecteur principal de police<\/strong><\/p><p align=\"LEFT\">Deux ans apr\u00e8s sa nomination, l\u2019agent de police peut participer au concours pour acc\u00e9der \u00e0 la formation d\u2019inspecteur.<\/p><p>Six ans apr\u00e8s sa nomination, l\u2019inspecteur de police peut participer au concours pour acc\u00e9der \u00e0 la formation d\u2019inspecteur principal.<\/p>\t\t\t\t\t\t<\/div>\n\t\t\t\t<\/div>\n\t\t\t\t\t<\/div>\n\t\t<\/div>\n\t\t\t\t\t\t\t<\/div>\n\t\t<\/section>\n\t\t\t\t\t\t<\/div>\n\t\t\t\t\t<\/div>\n\t\t","protected":false},"excerpt":{"rendered":"<p>Vous n&#8217;\u00eates pas encore membre du personnel de la police et vous souhaitez suivre la formation d&#8217;agent ou d&#8217;inspecteur de police Pour \u00eatre admis \u00e0 la formation de base d&#8217;agent de police, il faut avoir r\u00e9ussi les \u00e9preuves de s\u00e9lection&#8230; <a href=\"https:\/\/www.eripgip.be\/NewWeb21\/?page_id=152\" class=\"readmore\">Read more<span class=\"screen-reader-text\">Conditions d&#8217;admission<\/span><span class=\"fa fa-angle-double-right\" aria-hidden=\"true\"><\/span><\/a><\/p>\n","protected":false},"author":1,"featured_media":0,"parent":0,"menu_order":0,"comment_status":"closed","ping_status":"closed","template":"","meta":{"footnotes":""},"class_list":["post-152","page","type-page","status-publish","hentry"],"_links":{"self":[{"href":"https:\/\/www.eripgip.be\/NewWeb21\/index.php?rest_route=\/wp\/v2\/pages\/152","targetHints":{"allow":["GET"]}}],"collection":[{"href":"https:\/\/www.eripgip.be\/NewWeb21\/index.php?rest_route=\/wp\/v2\/pages"}],"about":[{"href":"https:\/\/www.eripgip.be\/NewWeb21\/index.php?rest_route=\/wp\/v2\/types\/page"}],"author":[{"embeddable":true,"href":"https:\/\/www.eripgip.be\/NewWeb21\/index.php?rest_route=\/wp\/v2\/users\/1"}],"replies":[{"embeddable":true,"href":"https:\/\/www.eripgip.be\/NewWeb21\/index.php?rest_route=%2Fwp%2Fv2%2Fcomments&post=152"}],"version-history":[{"count":10,"href":"https:\/\/www.eripgip.be\/NewWeb21\/index.php?rest_route=\/wp\/v2\/pages\/152\/revisions"}],"predecessor-version":[{"id":965,"href":"https:\/\/www.eripgip.be\/NewWeb21\/index.php?rest_route=\/wp\/v2\/pages\/152\/revisions\/965"}],"wp:attachment":[{"href":"https:\/\/www.eripgip.be\/NewWeb21\/index.php?rest_route=%2Fwp%2Fv2%2Fmedia&parent=152"}],"curies":[{"name":"wp","href":"https:\/\/api.w.org\/{rel}","templated":true}]}}